e the prime factors of x(8)?
11
Suppose 0 = -7*q + 6978 - 181. Let r = 1015 + q. What are the prime factors of r?
2, 3, 331
Let g be 90/(-36) + 28/8 + 0. Let t(z) = 329*z**3 + 7*z - 6. List the prime factors of t(g).
2, 3, 5, 11
Let l = -76 + 78. Suppose -l*o = 2*p - 240, 2*o + 3*o - 624 = p. Suppose 17*s - 13*s - o = 0. What are the prime factors of s?
31
Let u = 44 - 40. Suppose -p + 5*p = 16, 274 = 3*r + u*p. Suppose 0 = -0*n - 2*n + r. What are the prime factors of n?
43
Let n(d) = 15 + d + 2*d**2 - 6 - d**2 + 4*d. Let g be n(-2). What are the prime factors of ((-1602)/(-3))/g - 4?
2, 3, 29
Let a(b) = 2*b**3 + 40*b**2 + 2*b + 28. Let q be a(-20). Let w(d) = 49 - 4*d - 2 + d - d. What are the prime factors of w(q)?
5, 19
Let n(v) = -5825*v**3 + 2*v**2 - 57*v - 109. List the prime factors of n(-2).
7, 6659
Suppose -6*b + 2*b - 1989 = q, -2*b - 1017 = 5*q. Let m = b - -989. What are the prime factors of m?
17, 29
Let y(g) = 2*g**2. Let z(d) = 7*d**2 + 35*d + 26. Let u(n) = 3*y(n) - z(n). List the prime factors of u(-19).
2, 139
Let k = 49 + -43. Suppose 0 = 5*c - 7*c + k. What are the prime factors of 92 + c + 28/(-4)?
2, 11
Let g(y) = -3*y**3 + 2*y - 12. Let w be g(0). List the prime factors of 2/w + (-3619)/(-6) + 1.
2, 151
Let i = -35 - -40. Suppose 0*h = i*g - 5*h - 215, 0 = -5*h + 15. Suppose -5*t + g + 219 = 0. List the prime factors of t.
53
Let r = -11833 + 22148. List the prime factors of r.
5, 2063
Let j = 39 - 41. Let r = 9 - j. Let h = 14 + r. List the prime factors of h.
5
Let o = 858 + -860. List the prime factors of (36/(-9))/(o/517).
2, 11, 47
Let s(g) = -59*g - 5. Suppose -4*x = 5*t + 41, 0 = 5*t + 2*x + 3 + 30. Let b be ((-2)/t)/((-7)/35). List the prime factors of s(b).
113
Suppose -28717 = -h + 3*v, 20*h = 24*h - 5*v - 114847. List the prime factors of h.
2, 7177
Suppose 22*d - 1511 = 10*d + 601. List the prime factors of d.
2, 11
What are the prime factors of 8314/8*-2*((-138)/(-23) + -10)?
2, 4157
Suppose 0 = -3*j - 4*v + 609, 1079 = 5*j + 4*v - 8*v. Let b = -255 + 128. Let d = b + j. List the prime factors of d.
2, 3, 7
List the prime factors of 25/10*(116/290)/((-2)/(-37552)).
2, 2347
Let f(y) = y**3 + 4*y**2 + 2*y. Suppose 9 = -2*n - 3*h, -3*n = -0*n - 4*h + 5. Let p be f(n). List the prime factors of 1/p - (-136)/6.
23
Suppose -132*i = -138*i + 3174. Suppose -a - 2*o + 257 = -o, 2*a - 3*o - i = 0. What are the prime factors of a?
2, 5, 13
Let x(m) = -3*m + 14. Let l be x(-10). Let s = l + -48. List the prime factors of -1 - 3/s - (-39)/12.
3
Let i be (-10)/4*((-394)/10 + -5). List the prime factors of ((-10668)/(-70))/(2 - i/60).
2, 127
Let o be (757/(-3) + -5)/((-4)/18). Suppose o - 3314 = -4*j. What are the prime factors of j?
7, 11
Let n = 254 - 229. Suppose -19*s - 2046 = -n*s. List the prime factors of s.
11, 31
Let a(v) = 3572*v**2 + 22*v + 24. List the prime factors of a(-1).
2, 1787
Let d(p) = -19615*p + 4. What are the prime factors of d(-2)?
2, 3, 13, 503
List the prime factors of (24/(-270)*9)/((-2)/3735).
2, 3, 83
Let h = 8937 + -4073. What are the prime factors of h?
2, 19
Let t be 1/(-5) - (-78)/15. Let n be 121/55 + 1/(-5). Suppose -5*g = -3*s + 73, 2*s + t*g - n*g - 36 = 0. List the prime factors of s.
3, 7
Suppose 4*s + 4*b = -815 + 3235, 0 = -4*s - b + 2414. What are the prime factors of s?
3, 67
Let i(w) = w**2 + 13*w - 58. Let c(t) = t + 5. Let g be c(3). Suppose g*j + 223 = 71. List the prime factors of i(j).
2, 7
Let i(g) = -1945*g + 691. What are the prime factors of i(-16)?
13, 2447
Suppose -26*u + 95*u - 142205 = 52*u. List the prime factors of u.
5, 7, 239
Let s(p) = -167*p**2 + 19 - 4*p - p**3 + 2 + 163*p**2. List the prime factors of s(-9).
2, 3, 7, 11
Suppose 0 = 2*d + m - 7341, 2115 - 13129 = -3*d - 2*m. List the prime factors of d.
2, 7, 131
Suppose -4*t = j - 34, -5*j + 75 = 5*t - 4*t. Suppose d = -5*o + 37, 3*d - 4*o - 154 = j. List the prime factors of d.
2, 13
Let v(u) = 0*u**3 + 7*u - 4*u**3 - u**2 + 3*u**3 - 5*u - 1. Let i be v(1). List the prime factors of 3/(12/344) - i*2.
2, 11
Let c(j) = -j**3 - 22*j**2 + 23*j + 15. Let d be c(-23). Let m = 3 + 7. List the prime factors of (m/d)/((-1)/(-99)).
2, 3, 11
Let a(t) = t - 3*t**2 - 113*t**3 + 13*t - 15*t. What are the prime factors of a(-1)?
3, 37
Let x(u) = 4624*u + 1064. What are the prime factors of x(7)?
2, 3, 7, 199
Let v = 17501 + -10275. List the prime factors of v.
2, 3613
Let o(h) be the first derivative of h**3/3 + 11*h**2 + 21*h + 1. Suppose 6*x = x - 110. What are the prime factors of o(x)?
3, 7
Let s be 1/((-8)/(-52) + 11/13). Let g(w) = w. Let p(y) = 23*y - 6. Let u(z) = -6*g(z) + p(z). List the prime factors of u(s).
11
Let r(g) = -667*g - 4909. What are the prime factors of r(-16)?
3, 17, 113
Let h = -132 - -4. Let d = h + 133. Suppose 2 = p, c - 4*p + d*p = 41. List the prime factors of c.
3, 13
Suppose -61304 = -134*p + 218622. List the prime factors of p.
2089
Let i(v) = -2*v**2 - 5*v + 19. Let p be i(-7). Let b = 29 + p. Let y = -12 - b. List the prime factors of y.
3
Suppose -4*m + 2236 = 4*j, m = -3*j + 296 + 1371. Let o = j - 380. List the prime factors of o.
2, 3, 29
Suppose 0 = 2*f - f - 4. Suppose -r - 6*c - 4 = -2*c, -2*r + 1 = -c. Suppose 2*n - 4*g - 12 = r, 0*g + 18 = 3*n + f*g. What are the prime factors of n?
2, 3
What are the prime factors of ((-1080)/50 - -22) + (-80213)/(-5)?
61, 263
Let t be -770*8*(-1 + -5). Suppose 0 = -3*a - 19*a + t. List the prime factors of a.
2, 3, 5, 7
Let g(l) = 10*l**2 + 2*l**2 - 7*l**2 + 16 + 18*l. Suppose -65*z - 392 = -9*z. List the prime factors of g(z).
3, 5
Let b(x) = -117*x. Let f(j) = 467*j - 1. Let u(t) = 9*b(t) + 2*f(t). What are the prime factors of u(-3)?
5, 71
Suppose -10*w + 8*w - 5*q = -18, -w + 2*q = 0. Suppose t = g, -5*g - t + 5*t = -5. Suppose g*i - 104 = w*i. What are the prime factors of i?
2, 13
Let a(k) = k**3 - 5*k**2 - k + 6. Let c be a(5). Let b be 5 + (c - 2 - 2). Suppose -2*j + b*v + 122 = v, -2*j = -5*v - 138. List the prime factors of j.
59
Let r(v) = 68*v**2 + 99*v - 17. List the prime factors of r(9).
2, 3191
Let o = 875 - 396. Let n = 748 - o. List the prime factors of n.
269
Let i be 2 + (0 - 1 - (289 - -9)). Let t = 1413 + i. List the prime factors of t.
2, 3, 31
Let s(b) = -b + 7. Let x be s(8). Let t be (x + (-14)/(-4))*(-16)/(-10). What are the prime factors of 370*t/24 + 2/6?
2, 31
Let s(j) = -115*j - 1. Let q be s(-3). Let r = -3107 + 2922. Let x = q + r. List the prime factors of x.
3, 53
Let v(n) = 2*n + 4. Let b be -6 - (2 - 16/4). Let q be v(b). List the prime factors of (-515)/(-10) + (-2)/q.
2, 13
Let a(o) = 70*o**2 - 920*o - 18. List the prime factors of a(20).
2, 3, 1597
Let x be -2 + 3 + 1/1 + 0. What are the prime factors of (-27980)/(-140) + x/14?
2, 5
Let m(j) = 3518*j**2 + 11 + j - 2*j**3 + j - 3532*j**2. List the prime factors of m(-9).
317
Suppose -7*j - 1218 = -2*m - 4*j, 0 = -4*m + 4*j + 2428. What are the prime factors of m?
3, 67
Suppose -7*p + 18 + 17 = 0. Suppose p*d - 7*d = 298. Let j = -38 - d. What are the prime factors of j?
3, 37
Let r(s) = s + 268*s**2 + 6 - 273*s**2 - s**3 + 0. Let f be r(-5). List the prime factors of f/(9/6)*546/4.
7, 13
What are the prime factors of (-9044 - 14)*(-12)/24?
7, 647
What are the prime factors of 47973 - -10*(-170)/100?
2, 19, 631
Let r = 409 + -406. Suppose -563 = -2*o - 5*y, 0 = -0*y - y - r. List the prime factors of o.
17
Suppose 1 = m, -5*m - 85467 = -p - 3*p. What are the prime factors of p?
2, 2671
Let p(f) = -740*f**3 + 17*f**2 + 47*f + 16. List the prime factors of p(-2).
2, 3, 5, 197
List the prime factors of 1 + 4 - 2 - (-13 - 13546).
2, 6781
List the prime factors of (-8 - -5 - 77702*-1) + 17 + -14.
2, 38851
Suppose 4*f = 11*f - 168. Suppose 0*v + 8*v = f. Suppose -4*j - v*l = -190, -4*j = -0*j - 2*l - 200. What are the prime factors of j?
7
Suppose -3*z = 4*n - 8*z + 667, -4*n - 661 = -3*z. Suppose 35*v + 1098 = 573. Let b = v - n. List the prime factors of b.
2, 37
Let m = 3616 + -323. List the prime factors of m.
37, 89
Suppose 2*z = -4*a + 19848, 0 = 304*z - 302*z - a - 19818. What are the prime factors of z?
2, 3, 7, 59
Suppose -70*v = -33896 - 83354. What are the prime factors of v?
5, 67
Suppose -u + 261 = 2*u. Suppose -4*d - u = -q, 2*d = 2*q - 2*d -